et j = 1795 + -1045. What is the units digit of j?
0
Let g(o) = -9*o**3 - 22*o**2 - 27*o - 29. Let b(q) = 4*q**3 + 11*q**2 + 13*q + 15. Let a(y) = 7*b(y) + 3*g(y). What is the units digit of a(-9)?
0
Suppose 3*f + 9 - 6 = 0. Let q be (-4 - 2 - -3)/f. Suppose 0 = q*m - 35 - 160. What is the tens digit of m?
6
Let t = 13115 + -18699. What is the hundreds digit of t/(-72)*3 + (-4)/6?
2
Suppose 0 = -3*j - 2*r + 6, 5 = 2*j + 5*r + 1. Suppose 2*b = -3*b - l - j, -b + 4*l = -8. What is the units digit of 30 + (2 - b)*1?
2
Let f(w) = w**3 + 23*w**2 - 3*w - 47. What is the tens digit of f(-23)?
2
Let b(u) = 6*u**2 - 4 + 6 - 2 + 1. Let w be b(2). Suppose w*r = 28*r - 207. What is the units digit of r?
9
Let h(f) = 2*f**2 + 4*f + 4. Let c be h(-2). Suppose -3*z = -12, 2*x - 6*x = -c*z - 236. What is the tens digit of x?
6
Let u = 27 + -21. Suppose 32 = 2*m + u*m. What is the units digit of m?
4
Suppose 2*k - 6 = 2. Suppose 0 = -7*f + k*f + 39. What is the tens digit of f?
1
Let i(j) = -20*j - 1. What is the tens digit of i(-11)?
1
Let h(v) = -v**3 - 7*v**2 + 9*v + 27. Let y be h(-8). Let t(k) = 10*k - 71. What is the tens digit of t(y)?
1
Let c = -369 - -733. What is the units digit of c?
4
Suppose -3*v = 4*v. What is the units digit of 6 - 5 - (v + -23)?
4
Suppose 0 = -12*j + 2845 + 2843. What is the hundreds digit of j?
4
Suppose 11*x = 6*x, 0 = 5*r + 4*x - 9430. What is the tens digit of r?
8
Let l(p) = p**3 + p + 9. Let o be l(0). What is the units digit of (-6)/o - (-3 - 32/12)?
5
What is the tens digit of (-1575)/45*-21*1?
3
Suppose 5 = n - t, -5*n - 3*t - 2*t = 5. What is the tens digit of (n + 4)*(0 - (-26)/3)?
5
What is the units digit of (0 + 31 - (50 - 48))*23?
7
Let h = -33 + 38. Suppose 933 = h*m + k - 3*k, m = -k + 188. What is the hundreds digit of m?
1
Let y(q) = -4*q**3 + 3*q**2 + 2*q - 7. Let m = 58 - 61. What is the hundreds digit of y(m)?
1
Let u be 0 + 6*(-2 - 20/(-8)). What is the units digit of (207/(-6) - 0)*(-2)/u?
3
Let h(d) = -3*d**2 - 5*d + 2. Let g be h(-5). Let i = g + 196. What is the units digit of i?
8
Let v(y) = -2 + 4 - y - y - 14*y**3 - 3. What is the tens digit of v(-1)?
1
Let n(m) = m + 10. Let t be n(-8). Suppose -159 = -t*b - z, z = -3*z - 4. What is the tens digit of b?
8
Suppose d + 1 = 5*a + 2*d, 5*d = 5*a + 5. Suppose 11*w - 164 = 7*w. Suppose l - 21 - w = a. What is the units digit of l?
2
Suppose 3*o = -3*l + 24, -3*o + 26 = 4*l - o. Suppose -p + i + 55 = 0, -2*p - l*i + 25 = -p. What is the tens digit of p?
5
Let l be (8/5)/((-16)/40). Let s(o) = -o**3 - 6*o**2 - o + 1. Let m be s(-5). Let r = l - m. What is the tens digit of r?
1
Let a(b) = -7*b**2 + 12*b - 10. Let y be a(8). Let r = -239 - y. What is the units digit of r?
3
What is the tens digit of ((-234)/195)/(3/(-535))?
1
Suppose -13*i - 24 = -16*i. Suppose -i*d + 348 = -4*d. What is the units digit of d?
7
Let u(j) = 3*j**2 + 3*j + 2. Let t = -2 + 0. Let k be u(t). Suppose 4*q = k*q - 36. What is the units digit of q?
9
Let x = -284 + 561. Let m = -198 + x. What is the units digit of m?
9
What is the hundreds digit of (-52270)/(-60) + 25/30?
8
Let n = 214 + 5. Let w = 106 - n. What is the units digit of w/(-6) + (-10)/(-60)?
9
Let m(o) = -22*o - 6. Let w be m(-13). Suppose w - 34 = 6*f. What is the tens digit of f?
4
Suppose 87 = -6*o + 15. What is the tens digit of 7/(-42) + (-518)/o?
4
Let o(i) = -i + 3. Suppose -l - 2*h = 5 + 4, 0 = 3*l - 3*h. Let j be o(l). What is the tens digit of (-184)/j*(-6)/4?
4
Let x be 0 + (0/(-2))/(-3). Let a be x + 17 + -2 + 2. Suppose 0 = 4*c - 3*g - 124, c - 2*g - 9 = a. What is the units digit of c?
4
Suppose 5*o + 4*c = 2*o - 26, 4*c + 2 = o. What is the units digit of 81/2 + 3/o?
0
Suppose 3*v - 348 = 5*u, 0*u = -3*v - 2*u + 369. What is the tens digit of v?
2
Let x = -499 + 1221. What is the units digit of x?
2
Let k be 448 + (-1 - (-7)/((-14)/4)). Suppose -4*s = 5*i + s - k, 5*i - 405 = 5*s. What is the units digit of i?
5
Let f(q) = q**3 - 5*q**2 - 19*q - 7. Let b be f(9). Suppose 10 + b = 4*k. What is the tens digit of k?
3
Suppose 0 = 3*l - l - 20. Suppose -2 = 3*i + l. What is the units digit of 51/6 + (-2)/i?
9
Let t = 62 - 180. Let w = 430 + t. What is the hundreds digit of w?
3
Suppose -12*k - 2*u + 1915 = -7*k, -u = 3*k - 1148. What is the units digit of k?
1
Let r = 5814 - 3110. What is the units digit of r?
4
Let g(y) = 13*y**3 - 10*y**2 - y - 7. Let w(v) = -7*v**3 + 5*v**2 + 3. Let q(u) = -4*g(u) - 9*w(u). What is the tens digit of q(2)?
7
Suppose g - 29 = 4*w + 85, 4 = 4*w. Let z = 238 - g. What is the units digit of z?
0
Let s be (1 - 1)*7/7. Suppose 0 = b + 3*n + 16, 5*b - 5*n + 113 + 7 = s. What is the units digit of (-1)/((-43)/b - 2)?
2
Let x = -2 + 3. Let s = x + 9. Let y = -2 + s. What is the units digit of y?
8
Suppose 0 = -4*w + 20 - 40, 3*d - 4534 = -w. What is the hundreds digit of d?
5
Suppose -4*l = -8 - 0. Let a(j) = -7*j - 5 + 4*j**l + j**3 + 4 + j. What is the tens digit of a(-4)?
2
Let r(i) = -8*i - 9*i**2 - 5*i + 13*i**2 + 4. What is the units digit of r(5)?
9
Let t be 1/((-1 - (-21)/(-18)) + 2). What is the tens digit of (t/4 - 1)*(-476)/85?
1
Let g(i) = -i**3 + 12*i**2 - 2*i + 28. Let w be g(12). Suppose 2*b + 2*m - 100 = -m, -w*m = -4*b + 180. What is the units digit of b?
7
Suppose 15*j - 79 = -4. Suppose 0 = 6*i - 9*i - 5*p + 516, -j*i = -5*p - 900. What is the tens digit of i?
7
Let v(n) = 43*n - 2. Let c be v(-4). Let b = -100 - c. What is the units digit of b?
4
Suppose 2*j = 4*j. Suppose 4*n = -5*f + 28 - j, -4*f - 3*n + 22 = 0. Suppose 4*h - 44 = -4*a, -3*a + 8*a + f*h = 60. What is the units digit of a?
6
Suppose -5*r - 402 = -3*i - r, 567 = 4*i + 5*r. Suppose f - i = -9. What is the units digit of f?
9
Suppose 5*d - 18 = v, -3 = d - 2*d. Let t be 0/((v - -1) + 4). Suppose -p - 2*p + 63 = t. What is the units digit of p?
1
Let p = -82 + 261. Suppose -3*c + 4*b = -p, -5*b + 0*b - 25 = 0. Suppose 3*l + 3*h - c = -2*l, -3*h = -3. What is the tens digit of l?
1
Let t(b) = b**3 + 5*b**2 + 3*b + 1. Let r(u) = 6*u + 3. Let o be r(4). Let j be ((-3)/9)/(3/o). What is the units digit of t(j)?
0
Let f(q) = -36*q + 363. What is the units digit of f(6)?
7
Suppose -4*z = x - 24, 14 = 5*z - 2*x - 3. Suppose -2*u = -z*g + 942, u - 1174 = -5*g - 235. What is the units digit of g?
8
Let r(a) = -a + 3*a - 4*a - 3 - a. Let n be r(6). Let b = n - -37. What is the tens digit of b?
1
Let d = -156 + 483. What is the tens digit of d?
2
Suppose 5*c = 7*c - 34. Suppose c = 2*h - 59. What is the tens digit of h?
3
Suppose 2*k = -0*k - 5*b - 131, -64 = k + 2*b. Let d = k - -114. What is the units digit of d?
6
Suppose -4*s = 2*f - 900, -2*f - 275 = -3*s + 407. Suppose -s = -2*h - 22. What is the hundreds digit of h?
1
Suppose 4*w - 52 = 4*r, -5*r - 2*w + 14 = 44. Let o(k) = k + 15. Let u be o(r). Suppose -u*b = -117 - 58. What is the tens digit of b?
2
Suppose -2*o + 18 = -692. What is the tens digit of o?
5
Suppose o - 3*i + 0 = 6, 3*i = -4*o + 39. Let h(g) = -2*g - 1. Let x be h(1). What is the units digit of 19*x/o*-3?
9
Suppose -s + 244 = 5*d, 8*s - 6*s = 3*d + 423. What is the tens digit of s?
1
Let u be (6/12)/((-3)/(-18)). Suppose -4*z + 292 = -4*s, 2*z + u*z = -2*s + 365. What is the units digit of z?
3
Suppose -7*o = -4*o - 54. Let v = o + -16. Suppose -5*n = -v*b + 3*b - 26, 0 = 5*b + 4*n - 67. What is the units digit of b?
1
Let h be -12 + 25 - (4 + 0). Suppose -h*t = -t - 360. What is the tens digit of t?
4
Let a(k) = -8*k - 54. Let c(w) = w - 13. Let z be c(-4). What is the tens digit of a(z)?
8
Suppose -5*v = -17 + 2. Suppose 3*p = 12 - v. Suppose 6*q + p*t - 255 = q, 4*t = 20. What is the units digit of q?
8
Let l(x) = 2*x**2 + 7*x + 76. Let u be l(10). Let g = -122 + u. What is the tens digit of g?
2
Let s = -3097 + 4519. What is the hundreds digit of s?
4
Let u(y) = -y**2 + 4*y - 3. Let j be u(3). Let x be -5*(j + (-144)/(-20)). What is the units digit of 24/x + 172/6?
8
Let b = 294 + 40. What is the hundreds digit of b?
3
Let i(v) = -2*v + 2. Let t be i(0). Let h be (384/(-60))/(t/10). Let m = h - -62. What is the tens digit of m?
3
Suppose b - 36 = 5*b. Let w(o) = o**2 + 13*o - 10. Let l be w(b). Let j = l - -93. What is the tens digit of j?
4
Let m be 60/(1*9/(-6)). What is th